 Calculate the greatest common divisor of l and 35.
5
Let l = 290 - 232. What is the greatest common divisor of l and 87?
29
Let a be 217/((5/(-25))/(3/(-15))). Calculate the greatest common factor of a and 31.
31
Suppose -9*x = -11*x + 1 + 19. Suppose 6*a - 4*a = 220. Calculate the highest common divisor of a and x.
10
Let o = 67 - 40. Let y(k) = 7*k**2 + 2*k - 3. Suppose 0 = -4*t + 4*r - 24, -2*t - 4*r = r - 9. Let n be y(t). What is the greatest common factor of o and n?
27
Let u be -3*(20/(-6) + 3) - -2. Let g(q) = q**3 - 9*q**2 + 9. Let n be g(9). Calculate the highest common factor of n and u.
3
Let l = 788 + -716. Let o(w) be the first derivative of -w**3/3 + 6*w**2 + 9*w + 1. Let u be o(9). What is the greatest common factor of u and l?
36
Let d(o) = 6*o - 3. Let w be d(3). Let c be -1*((-2)/(-14) + 190/(-7)). Let p = c - w. Calculate the greatest common divisor of p and 18.
6
Let l be (-9)/(-1 + -2) - (1 - 1). Suppose -x - 68 = -5*q, q = -l*q + 3*x + 50. What is the greatest common factor of q and 56?
14
Let v be 21/4*2*4/(-2). Let t be (0 - 3/(-2))/(v/(-364)). What is the greatest common factor of 130 and t?
26
Suppose 0 = -5*h - 0*h + 90. Suppose -5*j + 81 = v, 0 = -5*j + 7 + h. Let o be (-8)/(-16)*(-28)/(-2). What is the greatest common divisor of v and o?
7
Suppose 2*o = -5*q + 125, 0 = 4*o + 4*q - 88 - 132. Suppose 3*f = 6*f - 2*d - 27, o = 5*f - 5*d. Calculate the greatest common divisor of 77 and f.
7
Let u(c) = -c**3 + 2*c - 1. Let j be u(-2). Suppose 0 = b + j*r + 2*r - 16, -16 = -4*b + 4*r. What is the greatest common divisor of 10 and b?
2
Let m be (-1)/(3/(-30)) - -1. Suppose v + 2*v - 273 = 2*t, 0 = v + 1. Let q = 193 + t. Calculate the highest common factor of m and q.
11
Suppose -2*p - p = -9. Suppose -x - p*x = -36. Let m = -1521 - -1593. Calculate the highest common divisor of x and m.
9
Suppose t = 4, 0*z = -2*z - 3*t + 162. What is the highest common factor of 60 and z?
15
Suppose 4*i = -i + 860. Let a(b) = 63*b**2 - 309*b + 13. Let u be a(5). What is the highest common divisor of i and u?
43
Let y be ((-4)/((-20)/(-15)))/(2/(-6)). Let f = y + -3. Calculate the greatest common factor of 24 and f.
6
Let n(m) = 38*m + 2. Let s be n(1). Suppose 23*j = 19*j + s. Calculate the highest common divisor of j and 90.
10
Let x = 336 + -319. Calculate the greatest common divisor of x and 51.
17
Let h(u) be the second derivative of -u**4/12 - 7*u**3/2 + 37*u**2/2 + 19*u. Let r be h(-22). What is the greatest common factor of 75 and r?
15
Let i(r) = r**3 + 9*r**2 + 7*r + 2. Let f be i(-8). Let u = 65 + -35. What is the greatest common divisor of f and u?
10
Suppose 7*l - 128 = 2*o + 3*l, -2*l = 4. Let i = o + 81. Calculate the highest common divisor of 143 and i.
13
Let a be (-2 + (-64)/(-2))/(120/80). Calculate the greatest common factor of 580 and a.
20
Let j(b) = b**2 - 12*b + 15. Let x be j(11). Suppose 2*c = x*z - 6*z + 12, -c = 2*z - 8. Suppose 2*y + 2 = 6. What is the greatest common divisor of y and c?
2
Let i(a) = a**2 - 15*a - 84. Let w be i(-5). Let v be (-5)/(15/6) + 130. What is the greatest common factor of v and w?
16
Suppose -o = m - 13, 6*m = 2*m + 16. Let k(a) = a - 10*a**3 + 10*a**3 + 4*a**2 - 4*a + a**3. Let q be k(2). What is the greatest common divisor of q and o?
9
Let i = -290 + 294. What is the highest common divisor of 142 and i?
2
Let s be (-588)/(-189)*(-6)/4*-198. Calculate the highest common divisor of s and 84.
84
Let y be -1 - (-7)/((-21)/(-891)). Suppose -w - y = -56. Let v = w + 376. Calculate the highest common divisor of 17 and v.
17
Suppose 66 = 5*j - 79. Let w = j + -16. Calculate the highest common divisor of 39 and w.
13
Suppose -3*z = h, -4*z - 7 = -h - 0*z. Suppose -3*u + h*j - 3 = -27, 0 = -2*u - 5*j - 5. Calculate the highest common factor of 55 and u.
5
Let m = -8 - -9. Let t be 21/3 - (-2)/(2/1). What is the highest common factor of m and t?
1
Suppose 3*s + 3 = 0, 3*s + s - 32 = -3*g. Let v be 14*(72/(-21))/(-1). What is the greatest common factor of g and v?
12
Let w(d) = -31*d + 377. Let u be w(0). Calculate the greatest common factor of 29 and u.
29
Let o = 145 - 73. Suppose -q = -3*s + 1, 0*s = 4*s - 12. What is the highest common divisor of q and o?
8
Suppose -167*b + 164*b = -198. What is the greatest common divisor of b and 649?
11
Suppose 0 = 43*l - 38*l - 420. What is the highest common factor of 112 and l?
28
Suppose 4*t - 5 = w, -11*w + 19 = 2*t - 6*w. Calculate the greatest common divisor of 218 and t.
2
Suppose -2 - 21 = -4*y + 5*b, -4*y + 27 = -b. Let f = 318 + -241. What is the highest common factor of f and y?
7
Let a = 19 + -6. Suppose 3*k - 68 = 205. What is the greatest common factor of k and a?
13
Suppose m - 1 - 7 = 3*c, 4*m = 2*c + 32. What is the greatest common factor of m and 400?
8
Suppose 0 = -7*f + 55 - 48. Calculate the highest common divisor of f and 61.
1
Suppose 0*w + 216 = 9*w. Suppose 21*m = 26*m - 120. Calculate the highest common factor of m and w.
24
Let w be (-7456)/(-40) + 4/(-10). Calculate the greatest common factor of 124 and w.
62
Suppose -9*k - i = -11*k + 457, -5*i - 1135 = -5*k. Calculate the highest common divisor of 10 and k.
10
Let h(x) = -4*x - 23. Let c be h(-7). Suppose -2*d - 5 = -2*k - 1, -6 = -c*d + k. Let n be (-2*(-7 - -3))/d. Calculate the greatest common factor of n and 10.
2
Let p be (196/44 + -5)/(3/(-33)). Suppose -5*v - 16 = 44. Let m be 2/((-2)/v*2). What is the greatest common factor of m and p?
6
Suppose 14*u - 1194 = 6254. What is the highest common factor of 28 and u?
28
Let y = -353 - -429. What is the highest common divisor of 684 and y?
76
Suppose -2*t - 3*z - z + 12 = 0, -3 = -5*t - z. Let y be (-4 - t) + 144/(-8). Let q = y - -37. Calculate the highest common factor of q and 120.
15
Let f = 4 + -1. Suppose f*j + 2 = 11. Let l = 105 + -93. What is the highest common divisor of j and l?
3
Let i = -13 + 16. Let q be (2 - -4)/i + -1. Let c(t) = 26*t + 1. Let v be c(q). Calculate the highest common divisor of v and 108.
27
Suppose o - 9 + 3 = 0. Let f be 2/o + (-112)/(-42). Suppose 0 = -3*c + 4*w + 21, 14 = 2*c + f*w - w. What is the highest common divisor of c and 49?
7
Suppose 0 = 14*f - 11*f - 18. Suppose -f = g - 4*g. Calculate the greatest common divisor of g and 14.
2
Suppose d = 4*d - 12. Suppose -d*g + 115 = 3*o - 205, -2*o = -g - 195. Calculate the highest common factor of 40 and o.
20
Let m be -6 - (-276 + 8) - 6. Calculate the highest common factor of m and 48.
16
Suppose 5*k - k = -4*y, -5*y = -3*k - 24. Suppose -8*p + y*p = -70. Calculate the greatest common divisor of p and 42.
14
Let o be 20/(-80) - 2/(-8). Suppose o = -8*d - d + 162. Calculate the highest common factor of 24 and d.
6
Suppose -10 + 4 = 2*r, 2*s = 2*r + 38. Let z = -101 - -109. Calculate the greatest common factor of s and z.
8
Let g be (-3 - -97) + (2 - 1). Let n be 4*(22/24 - 32/(-96)). Calculate the highest common factor of g and n.
5
Let r = -351 - -2394. Calculate the greatest common divisor of r and 9.
9
Let u(r) = 3*r + 6*r + 10 - 18*r - r**3 + 10*r**2. Let i be u(9). Calculate the greatest common divisor of 10 and i.
10
Suppose 0 = c - 0*c + 2*x - 70, 0 = -4*x + 20. What is the greatest common factor of 36 and c?
12
Suppose 5*y = 2*y - 3*v + 180, 4*y - v = 265. Suppose -5*m = -154 + 24. What is the greatest common factor of y and m?
13
Suppose -4346*v - 48 = -4350*v. Calculate the highest common divisor of 18 and v.
6
Suppose 25 = 3*c + 5*i, 0 = -0*c + 5*c + i - 49. Calculate the greatest common factor of 370 and c.
10
Let r be ((-2)/(-8)*-5)/(2/(-8)). Suppose -r*b + m + 68 = 9, -4*b + 3*m + 45 = 0. Calculate the greatest common divisor of b and 24.
12
Let i(h) = 16*h - 5. Let b be i(4). Let y be 0/(0 - -8) + 4. Suppose 0 = -r - y*r - 4*l + 47, 2*l + b = 5*r. What is the greatest common factor of r and 121?
11
Suppose -2 = s - 0. Let a be (-6)/4*s - 18. Let q be (a/(-2))/(9/264). What is the greatest common factor of 20 and q?
20
Let m be (0 - 1)*(-12 + 8). Suppose f = -1 - 4, -4*a + m*f + 180 = 0. What is the greatest common divisor of 10 and a?
10
Suppose 0 = -5*t + 3*m + 167, -4*m = -1 - 3. Let r(p) = 76*p**2 + 2. Let l be r(-2). What is the highest common factor of t and l?
34
Let x(t) = -4*t**2 + 3*t - 5. Let h be x(3).